Give b(-10).
46
Let u(a) = 1820*a - 9101. Give u(5).
-1
Let s(b) = -3*b**3 - 6*b**2 + 5*b + 12. Give s(-3).
24
Let o(w) = -4*w**2 - 1. Give o(-3).
-37
Let t(m) = 9*m**2 - 9*m + 3. Give t(2).
21
Let a(r) = -2*r**3 + 28*r**2 + 10*r - 55. What is a(14)?
85
Let k(h) = -40*h**2 + 640*h - 15. Calculate k(16).
-15
Let q(t) = t**3 + 16*t**2 + 5*t + 210. Give q(-15).
360
Let p(r) = -r**3 + 41*r**2 + 447*r + 116. What is p(50)?
-34
Let s(o) = 54*o + 2498. Determine s(-46).
14
Let v(g) = g**2 - 72*g - 138. Determine v(73).
-65
Let t(h) = -h**2 - 5*h + 51. What is t(13)?
-183
Let r(g) = g**3 + 9*g**2 - 29*g - 31. What is r(-7)?
270
Let o(f) = -4*f + 46. Calculate o(5).
26
Let a(t) = 19*t + 387. Give a(-27).
-126
Let s(y) = -4*y**2 - 22*y - 6. What is s(-10)?
-186
Let p(q) = 7199*q + 14334. Determine p(-2).
-64
Let z(y) = -y**3 + 51*y**2 + 11*y - 484. Determine z(51).
77
Let j(m) = -m**2 - 64*m - 740. Calculate j(-47).
59
Let o(c) = 58*c + 3058. What is o(-52)?
42
Let y(o) = -o**3 + 10*o**2 - 19*o - 3. Give y(3).
3
Let o(s) = -s**3 - 3*s**2 - 15*s + 177. Determine o(4).
5
Let a(h) = h**2 - 19*h + 40. Calculate a(7).
-44
Let h(i) = -59*i - 46. Determine h(-1).
13
Let k(o) = -57*o - 464. What is k(-6)?
-122
Let r(v) = 119*v - 1315. What is r(8)?
-363
Let j(f) = 4*f**3 - 167*f**2 + 276*f + 153. Determine j(40).
-7
Let z(r) = 11*r**2 - 12*r - 14. Calculate z(-1).
9
Let i(w) = -11*w**3 - 2*w**2 - 12*w - 129. Calculate i(0).
-129
Let a(s) = -104*s - 307. Give a(-3).
5
Let b(n) = -n**2 + 10*n + 193. Calculate b(-9).
22
Let p(w) = -2*w**2 + 59*w - 112. Calculate p(23).
187
Let v(c) = -7*c - 52. What is v(-10)?
18
Let a(z) = -z**2 + 13*z + 327. Give a(-13).
-11
Let i(c) = c**2 + 16*c + 102. What is i(-4)?
54
Let b(w) = -w**2 + 303*w + 4435. Determine b(-14).
-3
Let i(z) = 2*z**2 - 31*z + 41. What is i(14)?
-1
Let d(b) = -76*b + 1078. Calculate d(14).
14
Let z(a) = -2*a**2 - 29*a + 90. Calculate z(-17).
5
Let d(v) = v**3 - 8*v**2 - 387*v + 73. Determine d(24).
1
Let d(z) = z**2 - 33*z + 299. Determine d(16).
27
Let b(i) = -i**2 - 29*i + 299. Give b(8).
3
Let l(u) = 66*u - 111. Calculate l(-10).
-771
Let i(n) = -n**2 + 173*n + 1235. Determine i(-7).
-25
Let g(a) = 9*a**2 - 141*a - 64. Give g(15).
-154
Let x(y) = 8*y**3 - 74*y**2 + 15*y + 37. Determine x(9).
10
Let v(n) = 2*n**2 - 33*n - 17. Give v(18).
37
Let j(u) = -u**2 + 16*u + 3. Calculate j(14).
31
Let j(v) = 13*v**2 - 121*v + 44. Calculate j(9).
8
Let p(h) = -2*h**3 + 46*h**2 - 1. Determine p(23).
-1
Let u(j) = j**2 + 711*j - 59815. Calculate u(76).
-3
Let y(o) = o**3 + 53*o**2 + 6*o + 301. Calculate y(-53).
-17
Let q(t) = -2*t**3 + 124*t**2 - 441*t - 1324. What is q(58)?
10
Let r(q) = -15*q + 230. What is r(25)?
-145
Let d(u) = -7*u**3 + 5*u**2 - 92*u + 87. What is d(1)?
-7
Let i(h) = -h**2 + h + 25. Determine i(-15).
-215
Let y(n) = -479*n + 4339. What is y(9)?
28
Let t(l) = 30*l + 269. Give t(-9).
-1
Let k(t) = t**2 + 103*t - 204. Give k(2).
6
Let v(r) = -r**2 - 7*r + 4. What is v(-9)?
-14
Let g(a) = a**2 - 44*a - 23. Determine g(45).
22
Let c(t) = -t**3 + 28*t**2 + 71*t - 2582. Calculate c(27).
64
Let h(n) = -39*n + 839. Calculate h(21).
20
Let u(f) = 4786*f + 28720. Calculate u(-6).
4
Let j(o) = -o**3 - 15*o**2 - 8*o + 11. Give j(-7).
-325
Let m(j) = j**3 + 351*j**2 - 28*j - 9823. What is m(-351)?
5
Let w(z) = -z**3 + 16*z**2 - 2*z + 29. Give w(16).
-3
Let d(z) = -45*z - 755. What is d(-17)?
10
Let a(k) = -3*k**2 + 9*k + 67. What is a(-6)?
-95
Let n(k) = 124*k + 9291. Calculate n(-75).
-9
Let t(u) = -u**3 + 7*u**2 - 55*u + 243. What is t(5)?
18
Let r(x) = x**2 + x - 72. Determine r(0).
-72
Let i(s) = -45*s**2 + 341*s + 2. What is i(8)?
-150
Let k(a) = 3*a**3 + 5*a**2 - 3*a + 10. Determine k(-4).
-90
Let q(p) = -2*p**3 - 8*p**2 - 70*p - 127. What is q(-2)?
-3
Let t(f) = 2*f**2 + f - 18. What is t(10)?
192
Let y(p) = -122*p - 708. Calculate y(-6).
24
Let f(j) = 18*j + 234. What is f(-13)?
0
Let t(o) = -o**2 + 724*o + 14903. Give t(-20).
23
Let z(b) = -b**3 + 12*b**2 + 11*b - 1. Calculate z(7).
321
Let f(i) = i**3 + 8*i**2 - 51*i - 26. Give f(-12).
10
Let w(i) = -2*i**3 + 5*i**2 + 45*i - 106. Give w(2).
-12
Let z(n) = 26*n - 265. Determine z(14).
99
Let h(a) = 190*a + 759. Calculate h(-4).
-1
Let o(b) = b**3 + 32*b**2 + 186*b + 277. Determine o(-25).
2
Let q(l) = -88*l**2 - 2815*l + 38. Calculate q(-32).
6
Let h(m) = m**2 + 79*m + 852. Give h(-13).
-6
Let u(a) = -15*a**2 + a + 3. Determine u(4).
-233
Let m(c) = -c**2 - 29*c + 118. What is m(5)?
-52
Let n(z) = 33*z - 3469. Give n(91).
-466
Let r(d) = -9*d**2 + 20*d - 17. Calculate r(2).
-13
Let a(i) = i**2 + 77*i + 615. Give a(-10).
-55
Let m(x) = 50*x**3 + 6*x**2 + 8*x + 1. Determine m(-1).
-51
Let a(x) = x**3 + 19*x**2 + 64*x + 229. Calculate a(-15).
169
Let p(o) = -5*o**2 - 173*o - 65. Give p(-34).
37
Let f(x) = -189*x + 903. Determine f(5).
-42
Let v(q) = 11*q + 32. Determine v(0).
32
Let a(u) = -3*u**3 + 159*u**2 - 8*u + 419. Calculate a(53).
-5
Let b(q) = -22*q**3 - 374*q**2 - 11*q + 94. Determine b(-17).
281
Let n(w) = -3*w**3 - 349*w**2 + 229*w - 589. Determine n(-117).
-4
Let c(z) = 379*z + 765. Give c(-2).
7
Let v(m) = m**3 + 8*m**2 - 7*m + 12. Give v(-10).
-118
Let v(p) = -52*p - 512. What is v(-10)?
8
Let y(x) = 3*x**2 + 7*x + 96. Give y(-7).
194
Let l(d) = d**3 + 16*d**2 - 14*d - 45. Calculate l(-17).
-96
Let v(p) = 25589*p + 102368. Give v(-4).
12
Let b(f) = 255*f + 18890. Determine b(-74).
20
Let x(s) = s**2 + 24*s - 37. What is x(-26)?
15
Let u(l) = -l**3 - 7*l**2 - 21*l - 14. What is u(-2)?
8
Let i(u) = -3761*u + 37602. Give i(10).
-8
Let k(i) = i**3 + 11*i**2 - 13*i - 15. Determine k(-12).
-3
Let v(r) = -528*r**3 + r**2 - r - 1. Calculate v(-1).
529
Let c(n) = -n**3 + 20*n**2 - 15*n - 28. Determine c(19).
48
Let k(s) = 2*s**2 - 22*s + 27. Give k(11).
27
Let k(t) = 217*t + 209. Calculate k(-1).
-8
Let w(j) = 2*j**3 + 7*j + 9. What is w(5)?
294
Let a(f) = 12*f**3 + 3*f**2 + 5*f - 1. Calculate a(-2).
-95
Let f(n) = -n**2 + 16*n + 97. Give f(20).
17
Let q(c) = -c**3 - 562*c**2 - 2782*c + 6. Calculate q(-5).
-9
Let v(o) = -106*o - 15798. Give v(-149).
-4
Let y(x) = 39*x - 71. Give y(5).
124
Let i(v) = v**3 + 35*v**2 + 115*v + 1623. Give i(-33).
6
Let r(j) = j**2 + 58*j + 726. Determine r(-41).
29
Let k(x) = -11*x**2 + 101*x - 91. Give k(8).
13
Let t(s) = -8*s**2 - 221*s + 42. Give t(-28).
-42
Let u(j) = 2*j**2 - 258*j + 1934. What is u(121)?
-2
Let c(s) = -7102*s + 262765. What is c(37)?
-9
Let m(l) = -l**2 + 21*l - 9. Calculate m(18).
45
Let b(c) = 3*c**2 + 51*c - 131. Calculate b(-19).
-17
Let c(u) = -557*u - 3889. What is c(-7)?
10
Let z(s) = 9*s**2 - 19*s - 132. Determine z(-5).
188
Let c(y) = y**2 + 622*y - 6924. Calculate c(11).
39
Let b(m) = 2*m**3 - 105*m**2 - 51*m - 20. Give b(53).
86
Let l(i) = 1081*i + 27102. Calculate l(-25).
77
Let x(v) = 284*v + 16198. Give x(-57).
10
Let y(j) = -665*j - 97094. What is y(-146)?
-4
Let c(y) = -66*y + 19. Calculate c(2).
-113
Let a(p) = p**3 - p**2 - 55*p - 88. What is a(-6)?
-10
Let i(d) = -4*d**3 - 55*d**2 - 40*d - 16. Determine i(-13).
-3
Let p(f) = -f**3 + 119*f**2 - 785*f + 210. Calculate p(112).
98
Let o(t) = -t**3 + 27*t**2 + 21*t + 190. Determine o(28).
-6
Let n(l) = -l**3 - 11*l**2 + 4*l + 42. Determine n(-12).
138
Let t(d) = d**3 + 3*d**2 - 22*d + 17. Determine t(3).
5
Let g(a) = 3*a**3 - 39*a**2 - 37*a - 70. Determine g(14).
0
Let b(c) = 24*c**2 - 407*c - 34. What is b(17)?
-17
Let m(x) = -1401*x + 7153. Calculate m(5).
148
Let p(m) = 212*m - 4655. Determine p(22).
9
Let y(z) = z + 2. Give y(-34).
-32
Let p(u) = -2*u**3 - 10*u**2 + 449*u + 2247. Determine p(-5).
2
Let x(o) = -o**3 + 35*o**2 - 142*o + 225. Give x(30).
465
Let l(s) = 29*s + 1302. What is l(-52)?
-206
Let r(o) = -o**2 + 299*o - 7099. Determine r(273).
-1
Let u(s) = -3*s**2 - 39*s + 53. Give u(-13).
53
Let k(t) = -5*t**3 + 6*t**2 - 3. Calculate k(4).
-227
Let t(g) = -58*g - 134. Give t(-3).
40
Let q(y) = -y**3 - 2*y**2 - 3*y - 48. Calculate q(-5).
42
Let z(w) = w**3 - 31*w**2 - 121*w + 646. Give z(34).
0
Let q(b) = 3*b**3 + 3*b**2 - 9*b. Calculate q(-4).
-108
Let o(q) = -q**3 + 19*q**2 - 93*q + 26. Give o(11).
-29
Let n(c) = c**2 + 9*c + 14. Give n(8).
150
Let n(i) = 5*i**2 + 17*i + 16. Calculate n(-8).
200
Let o(t) = -3597